{"id":965,"date":"2025-01-29T20:40:45","date_gmt":"2025-01-29T17:40:45","guid":{"rendered":"https:\/\/deltalazer.com\/?page_id=965"},"modified":"2025-02-02T23:20:29","modified_gmt":"2025-02-02T20:20:29","slug":"yurt-disi-yedek-parca-siparis","status":"publish","type":"page","link":"https:\/\/deltalazer.com\/?page_id=965","title":{"rendered":"Yurt D\u0131\u015f\u0131 Yedek Par\u00e7a Sipari\u015f"},"content":{"rendered":"\n<p>Yurt D\u0131\u015f\u0131 Sipari\u015fleriniz Yurt \u0130\u00e7i Fiyatlar\u0131n Yar\u0131s\u0131na Kadar Avantajl\u0131 Olabilir \u00dcr\u00fcnlerin Belirli B\u00f6l\u00fcm\u00fc Yaln\u0131zca Adetli Olarak Getirilir. Detaylar \u0130\u00e7in L\u00fcften Bizimle \u0130leti\u015fime Ge\u00e7iniz.<\/p>\n\n\n\n<h3 class=\"wp-block-heading\">Diode Ba\u015fl\u0131k Modellerimiz ve Konnekt\u00f6rler<\/h3>\n\n\n\n<p>L\u00fctfen se\u00e7ti\u011finiz ba\u015fl\u0131\u011f\u0131n numaras\u0131n\u0131, bar say\u0131s\u0131n\u0131 , watt de\u011ferini, voltaj de\u011ferini, spot size gibi \u00f6zellerini bildirin, min 5 adet sipari\u015f verebilirsiniz.<\/p>\n\n\n\n<div data-wp-interactive=\"core\/file\" class=\"wp-block-file\"><object data-wp-bind--hidden=\"!state.hasPdfPreview\" hidden class=\"wp-block-file__embed\" data=\"https:\/\/deltalazer.com\/wp-content\/uploads\/2025\/02\/Diode-Basliklar.pdf\" type=\"application\/pdf\" style=\"width:100%;height:600px\" aria-label=\"Diode Ba\u015fl\u0131klar g\u00f6m\u00fcs\u00fc.\"><\/object><a id=\"wp-block-file--media-8b8e1e04-3be6-4750-aa83-d904d0589959\" href=\"https:\/\/deltalazer.com\/wp-content\/uploads\/2025\/02\/Diode-Basliklar.pdf\">Diode Ba\u015fl\u0131klar<\/a><a href=\"https:\/\/deltalazer.com\/wp-content\/uploads\/2025\/02\/Diode-Basliklar.pdf\" class=\"wp-block-file__button wp-element-button\" download aria-describedby=\"wp-block-file--media-8b8e1e04-3be6-4750-aa83-d904d0589959\">\u0130ndir<\/a><\/div>\n\n\n\n<h3 class=\"wp-block-heading\">IPL Ba\u015fl\u0131k Modellerimiz ve Konnekt\u00f6rler<\/h3>\n\n\n\n<p>L\u00fctfen se\u00e7ti\u011finiz ba\u015fl\u0131\u011f\u0131n numaras\u0131n\u0131 ve di\u011fer \u00f6zelliklerini bildirin, min 5 adet sipari\u015f verebilirsiniz.<\/p>\n\n\n\n<div data-wp-interactive=\"core\/file\" class=\"wp-block-file\"><object data-wp-bind--hidden=\"!state.hasPdfPreview\" hidden class=\"wp-block-file__embed\" data=\"https:\/\/deltalazer.com\/wp-content\/uploads\/2025\/02\/IPL-Basliklar.pdf\" type=\"application\/pdf\" style=\"width:100%;height:600px\" aria-label=\"IPL Ba\u015fl\u0131klar g\u00f6m\u00fcs\u00fc.\"><\/object><a id=\"wp-block-file--media-6aa13293-6ffa-47de-a076-cf2c5b6c1277\" href=\"https:\/\/deltalazer.com\/wp-content\/uploads\/2025\/02\/IPL-Basliklar.pdf\">IPL Ba\u015fl\u0131klar<\/a><a href=\"https:\/\/deltalazer.com\/wp-content\/uploads\/2025\/02\/IPL-Basliklar.pdf\" class=\"wp-block-file__button wp-element-button\" download aria-describedby=\"wp-block-file--media-6aa13293-6ffa-47de-a076-cf2c5b6c1277\">\u0130ndir<\/a><\/div>\n\n\n\n<h3 class=\"wp-block-heading\">D\u00f6vme Silme Modellerimiz ve Konnekt\u00f6rler<\/h3>\n\n\n\n<p>L\u00fctfen se\u00e7ti\u011finiz ba\u015fl\u0131\u011f\u0131n numaras\u0131n\u0131 ve di\u011fer \u00f6zelliklerini bildirin, min 5 adet sipari\u015f verebilirsiniz.<\/p>\n\n\n\n<div data-wp-interactive=\"core\/file\" class=\"wp-block-file\"><object data-wp-bind--hidden=\"!state.hasPdfPreview\" hidden class=\"wp-block-file__embed\" data=\"https:\/\/deltalazer.com\/wp-content\/uploads\/2025\/02\/Dovme-Silme-Parcalari.pdf\" type=\"application\/pdf\" style=\"width:100%;height:600px\" aria-label=\"D\u00f6vme Silme Par\u00e7alar\u0131 g\u00f6m\u00fcs\u00fc.\"><\/object><a id=\"wp-block-file--media-503e7522-2eb9-4115-a6df-e6b571e82581\" href=\"https:\/\/deltalazer.com\/wp-content\/uploads\/2025\/02\/Dovme-Silme-Parcalari.pdf\">D\u00f6vme Silme Par\u00e7alar\u0131<\/a><a href=\"https:\/\/deltalazer.com\/wp-content\/uploads\/2025\/02\/Dovme-Silme-Parcalari.pdf\" class=\"wp-block-file__button wp-element-button\" download aria-describedby=\"wp-block-file--media-503e7522-2eb9-4115-a6df-e6b571e82581\">\u0130ndir<\/a><\/div>\n\n\n\n<h3 class=\"wp-block-heading\">Candela Set<\/h3>\n\n\n\n<p>Candela setimiz optik \u00e7al\u0131\u015fmakta ve diode tabanl\u0131 \u00e7al\u0131\u015f\u0131r 50.000.000 ve \u00fczeri at\u0131\u015f kapasitesi vard\u0131r.<\/p>\n\n\n\n<figure class=\"wp-block-image size-large\"><img fetchpriority=\"high\" decoding=\"async\" width=\"768\" height=\"1024\" src=\"https:\/\/deltalazer.com\/wp-content\/uploads\/2025\/02\/Candela-Set-768x1024.jpeg\" alt=\"\" class=\"wp-image-1162\" srcset=\"https:\/\/deltalazer.com\/wp-content\/uploads\/2025\/02\/Candela-Set-768x1024.jpeg 768w, https:\/\/deltalazer.com\/wp-content\/uploads\/2025\/02\/Candela-Set-225x300.jpeg 225w, https:\/\/deltalazer.com\/wp-content\/uploads\/2025\/02\/Candela-Set-600x800.jpeg 600w, https:\/\/deltalazer.com\/wp-content\/uploads\/2025\/02\/Candela-Set.jpeg 810w\" sizes=\"(max-width: 768px) 100vw, 768px\" \/><\/figure>\n\n\n\n<h3 class=\"wp-block-heading\">EMS SET<\/h3>\n\n\n\n<p>2 Ba\u015fl\u0131kl\u0131 ve 4 Ba\u015fl\u0131kl\u0131 versiyonlar\u0131 bulunmaktad\u0131r.<\/p>\n\n\n\n<figure class=\"wp-block-image size-large\"><img decoding=\"async\" width=\"767\" height=\"1024\" src=\"https:\/\/deltalazer.com\/wp-content\/uploads\/2025\/02\/Ems-Set-767x1024.jpeg\" alt=\"\" class=\"wp-image-1164\" srcset=\"https:\/\/deltalazer.com\/wp-content\/uploads\/2025\/02\/Ems-Set-767x1024.jpeg 767w, https:\/\/deltalazer.com\/wp-content\/uploads\/2025\/02\/Ems-Set-225x300.jpeg 225w, https:\/\/deltalazer.com\/wp-content\/uploads\/2025\/02\/Ems-Set-768x1025.jpeg 768w, https:\/\/deltalazer.com\/wp-content\/uploads\/2025\/02\/Ems-Set-600x801.jpeg 600w, https:\/\/deltalazer.com\/wp-content\/uploads\/2025\/02\/Ems-Set.jpeg 809w\" sizes=\"(max-width: 767px) 100vw, 767px\" \/><\/figure>\n\n\n\n<p><\/p>\n","protected":false},"excerpt":{"rendered":"<p>Yurt D\u0131\u015f\u0131 Sipari\u015fleriniz Yurt \u0130\u00e7i Fiyatlar\u0131n Yar\u0131s\u0131na Kadar Avantajl\u0131 Olabilir \u00dcr\u00fcnlerin Belirli B\u00f6l\u00fcm\u00fc Yaln\u0131zca Adetli Olarak Getirilir. Detaylar \u0130\u00e7in L\u00fcften Bizimle \u0130leti\u015fime Ge\u00e7iniz. Diode Ba\u015fl\u0131k Modellerimiz ve Konnekt\u00f6rler L\u00fctfen se\u00e7ti\u011finiz ba\u015fl\u0131\u011f\u0131n numaras\u0131n\u0131, bar say\u0131s\u0131n\u0131 , watt de\u011ferini, voltaj de\u011ferini, spot size gibi \u00f6zellerini bildirin, min 5 adet sipari\u015f verebilirsiniz. IPL Ba\u015fl\u0131k Modellerimiz ve Konnekt\u00f6rler L\u00fctfen&hellip;&nbsp;<a href=\"https:\/\/deltalazer.com\/?page_id=965\" rel=\"bookmark\">Daha fazlas\u0131n\u0131 oku &raquo;<span class=\"screen-reader-text\">Yurt D\u0131\u015f\u0131 Yedek Par\u00e7a Sipari\u015f<\/span><\/a><\/p>\n","protected":false},"author":1,"featured_media":0,"parent":0,"menu_order":0,"comment_status":"closed","ping_status":"closed","template":"","meta":{"om_disable_all_campaigns":false,"_monsterinsights_skip_tracking":false,"_monsterinsights_sitenote_active":false,"_monsterinsights_sitenote_note":"","_monsterinsights_sitenote_category":0,"neve_meta_sidebar":"","neve_meta_container":"","neve_meta_enable_content_width":"","neve_meta_content_width":0,"neve_meta_title_alignment":"","neve_meta_author_avatar":"","neve_post_elements_order":"","neve_meta_disable_header":"","neve_meta_disable_footer":"","neve_meta_disable_title":"","_themeisle_gutenberg_block_has_review":false,"footnotes":""},"class_list":["post-965","page","type-page","status-publish","hentry"],"aioseo_notices":[],"_links":{"self":[{"href":"https:\/\/deltalazer.com\/index.php?rest_route=\/wp\/v2\/pages\/965","targetHints":{"allow":["GET"]}}],"collection":[{"href":"https:\/\/deltalazer.com\/index.php?rest_route=\/wp\/v2\/pages"}],"about":[{"href":"https:\/\/deltalazer.com\/index.php?rest_route=\/wp\/v2\/types\/page"}],"author":[{"embeddable":true,"href":"https:\/\/deltalazer.com\/index.php?rest_route=\/wp\/v2\/users\/1"}],"replies":[{"embeddable":true,"href":"https:\/\/deltalazer.com\/index.php?rest_route=%2Fwp%2Fv2%2Fcomments&post=965"}],"version-history":[{"count":6,"href":"https:\/\/deltalazer.com\/index.php?rest_route=\/wp\/v2\/pages\/965\/revisions"}],"predecessor-version":[{"id":1166,"href":"https:\/\/deltalazer.com\/index.php?rest_route=\/wp\/v2\/pages\/965\/revisions\/1166"}],"wp:attachment":[{"href":"https:\/\/deltalazer.com\/index.php?rest_route=%2Fwp%2Fv2%2Fmedia&parent=965"}],"curies":[{"name":"wp","href":"https:\/\/api.w.org\/{rel}","templated":true}]}}